{"id":1996,"date":"2026-03-28T18:19:47","date_gmt":"2026-03-28T17:19:47","guid":{"rendered":"https:\/\/bs-design.store\/?product=plateau-signature-elegance"},"modified":"2026-03-30T20:41:38","modified_gmt":"2026-03-30T18:41:38","slug":"plateau-signature-elegance","status":"publish","type":"product","link":"https:\/\/bs-design.store\/?product=plateau-signature-elegance","title":{"rendered":"Plateau signature \u00e9l\u00e9gance"},"content":{"rendered":"<p>Plateau Signature \u2013 \u00c9l\u00e9gance &amp; Ambiance Sensorielle<\/p>\n<p>Apportez une touche de raffinement et de s\u00e9r\u00e9nit\u00e9 \u00e0 votre int\u00e9rieur avec notre Plateau Signature. Pens\u00e9 comme une v\u00e9ritable pi\u00e8ce d\u00e9corative, il allie douceur, modernit\u00e9 et d\u00e9tails dor\u00e9s pour sublimer vos espaces de vie.<\/p>\n<p>Chaque \u00e9l\u00e9ment a \u00e9t\u00e9 soigneusement s\u00e9lectionn\u00e9 pour cr\u00e9er une ambiance chaleureuse, apaisante et \u00e9l\u00e9gante, id\u00e9ale pour vos moments de d\u00e9tente ou pour offrir un cadeau unique.<\/p>\n<p>Composition du plateau :<\/p>\n<p>1 plateau d\u00e9coratif fait main avec finition blanche et touches dor\u00e9es<\/p>\n<p>1 vase avec pampas naturelles pour une touche boh\u00e8me chic<\/p>\n<p>1 br\u00fbleur d\u2019encens avec couvercle dor\u00e9<\/p>\n<p>1 pot pour encens<\/p>\n<p>1 bougeoir d\u00e9corative artisanale<\/p>\n<p>1 pot pourris (offert)<\/p>\n<p>1 objet d\u00e9coratif statuette<\/p>\n<p>1 cuill\u00e8re<\/p>\n<p>Charbon et huile offerte<\/p>\n<p>Pourquoi vous allez l\u2019adorer :<\/p>\n<p>Design \u00e9l\u00e9gant et intemporel<\/p>\n<p>Parfait pour d\u00e9coration int\u00e9rieure ou cadeau<\/p>\n<p>Cr\u00e9e une ambiance cocooning et relaxante<\/p>\n<p>Produit fait main avec finitions uniques<\/p>\n","protected":false},"excerpt":{"rendered":"<p>Plateau Signature \u2013 \u00c9l\u00e9gance &amp; Ambiance Sensorielle Apportez une touche de raffinement et de s\u00e9r\u00e9nit\u00e9 \u00e0 votre int\u00e9rieur avec notre Plateau Signature. Pens\u00e9 comme une v\u00e9ritable pi\u00e8ce d\u00e9corative, il allie douceur, modernit\u00e9 et d\u00e9tails dor\u00e9s pour sublimer vos espaces de vie. Chaque \u00e9l\u00e9ment a \u00e9t\u00e9 soigneusement s\u00e9lectionn\u00e9 pour cr\u00e9er une ambiance chaleureuse, apaisante et \u00e9l\u00e9gante, [&hellip;]<\/p>\n","protected":false},"featured_media":1995,"comment_status":"open","ping_status":"closed","template":"","meta":{"_kadence_starter_templates_imported_post":false},"product_brand":[],"product_cat":[26],"product_tag":[],"class_list":{"0":"post-1996","1":"product","2":"type-product","3":"status-publish","4":"has-post-thumbnail","6":"product_cat-plateausenteur","8":"first","9":"instock","10":"sale","11":"taxable","12":"shipping-taxable","13":"purchasable","14":"product-type-simple"},"jetpack_sharing_enabled":true,"_links":{"self":[{"href":"https:\/\/bs-design.store\/index.php?rest_route=\/wp\/v2\/product\/1996","targetHints":{"allow":["GET"]}}],"collection":[{"href":"https:\/\/bs-design.store\/index.php?rest_route=\/wp\/v2\/product"}],"about":[{"href":"https:\/\/bs-design.store\/index.php?rest_route=\/wp\/v2\/types\/product"}],"replies":[{"embeddable":true,"href":"https:\/\/bs-design.store\/index.php?rest_route=%2Fwp%2Fv2%2Fcomments&post=1996"}],"wp:featuredmedia":[{"embeddable":true,"href":"https:\/\/bs-design.store\/index.php?rest_route=\/wp\/v2\/media\/1995"}],"wp:attachment":[{"href":"https:\/\/bs-design.store\/index.php?rest_route=%2Fwp%2Fv2%2Fmedia&parent=1996"}],"wp:term":[{"taxonomy":"product_brand","embeddable":true,"href":"https:\/\/bs-design.store\/index.php?rest_route=%2Fwp%2Fv2%2Fproduct_brand&post=1996"},{"taxonomy":"product_cat","embeddable":true,"href":"https:\/\/bs-design.store\/index.php?rest_route=%2Fwp%2Fv2%2Fproduct_cat&post=1996"},{"taxonomy":"product_tag","embeddable":true,"href":"https:\/\/bs-design.store\/index.php?rest_route=%2Fwp%2Fv2%2Fproduct_tag&post=1996"}],"curies":[{"name":"wp","href":"https:\/\/api.w.org\/{rel}","templated":true}]}}