{"id":2103,"date":"2026-03-30T18:14:24","date_gmt":"2026-03-30T16:14:24","guid":{"rendered":"https:\/\/bs-design.store\/?product=plateau-bineta"},"modified":"2026-03-30T18:14:27","modified_gmt":"2026-03-30T16:14:27","slug":"plateau-bineta","status":"publish","type":"product","link":"https:\/\/bs-design.store\/?product=plateau-bineta","title":{"rendered":"Plateau Bineta"},"content":{"rendered":"<p>Un ensemble d\u00e9coratif au design \u00e9pur\u00e9 qui allie finesse, modernit\u00e9 et touches dor\u00e9es subtiles.<\/p>\n<p>Chaque \u00e9l\u00e9ment a \u00e9t\u00e9 soigneusement pens\u00e9 pour cr\u00e9er une ambiance chic, douce et lumineuse, id\u00e9ale pour sublimer un int\u00e9rieur avec \u00e9l\u00e9gance.<\/p>\n<p>La lumi\u00e8re naturelle met en valeur les d\u00e9tails dor\u00e9s tandis que l\u2019encensoir diffuse une atmosph\u00e8re apaisante, transformant votre espace en v\u00e9ritable cocon de bien-\u00eatre.<\/p>\n<p>Parfait pour une d\u00e9coration raffin\u00e9e, un coin d\u00e9tente ou un cadeau unique et distingu\u00e9.<\/p>\n<p>\u2e3b<\/p>\n<p>\ud83d\udce6<strong> Composition :<\/strong><\/p>\n<p>\u2022\t1 plateau d\u00e9coratif effet marbre<\/p>\n<p>\u2022\t1 vase avec fleurs s\u00e9ch\u00e9es (pampa)<\/p>\n<p>\u2022\t1 pot d\u00e9coratif avec couvercle<\/p>\n<p>\u2022\t1 br\u00fbleur d\u2019encens avec couvercle dor\u00e9 personnalis\u00e9<\/p>\n<p>\u2022\t1 bougie dans son support design<\/p>\n<p>\u2022\t1 statuette<\/p>\n<p>\u2022\t1 cuill\u00e8re dor\u00e9e d\u00e9corative<\/p>\n","protected":false},"excerpt":{"rendered":"<p>Un ensemble d\u00e9coratif au design \u00e9pur\u00e9 qui allie finesse, modernit\u00e9 et touches dor\u00e9es subtiles. Chaque \u00e9l\u00e9ment a \u00e9t\u00e9 soigneusement pens\u00e9 pour cr\u00e9er une ambiance chic, douce et lumineuse, id\u00e9ale pour sublimer un int\u00e9rieur avec \u00e9l\u00e9gance. La lumi\u00e8re naturelle met en valeur les d\u00e9tails dor\u00e9s tandis que l\u2019encensoir diffuse une atmosph\u00e8re apaisante, transformant votre espace en [&hellip;]<\/p>\n","protected":false},"featured_media":2102,"comment_status":"open","ping_status":"closed","template":"","meta":{"_kadence_starter_templates_imported_post":false},"product_brand":[],"product_cat":[26],"product_tag":[],"class_list":{"0":"post-2103","1":"product","2":"type-product","3":"status-publish","4":"has-post-thumbnail","6":"product_cat-plateausenteur","8":"first","9":"instock","10":"taxable","11":"shipping-taxable","12":"purchasable","13":"product-type-simple"},"jetpack_sharing_enabled":true,"_links":{"self":[{"href":"https:\/\/bs-design.store\/index.php?rest_route=\/wp\/v2\/product\/2103","targetHints":{"allow":["GET"]}}],"collection":[{"href":"https:\/\/bs-design.store\/index.php?rest_route=\/wp\/v2\/product"}],"about":[{"href":"https:\/\/bs-design.store\/index.php?rest_route=\/wp\/v2\/types\/product"}],"replies":[{"embeddable":true,"href":"https:\/\/bs-design.store\/index.php?rest_route=%2Fwp%2Fv2%2Fcomments&post=2103"}],"wp:featuredmedia":[{"embeddable":true,"href":"https:\/\/bs-design.store\/index.php?rest_route=\/wp\/v2\/media\/2102"}],"wp:attachment":[{"href":"https:\/\/bs-design.store\/index.php?rest_route=%2Fwp%2Fv2%2Fmedia&parent=2103"}],"wp:term":[{"taxonomy":"product_brand","embeddable":true,"href":"https:\/\/bs-design.store\/index.php?rest_route=%2Fwp%2Fv2%2Fproduct_brand&post=2103"},{"taxonomy":"product_cat","embeddable":true,"href":"https:\/\/bs-design.store\/index.php?rest_route=%2Fwp%2Fv2%2Fproduct_cat&post=2103"},{"taxonomy":"product_tag","embeddable":true,"href":"https:\/\/bs-design.store\/index.php?rest_route=%2Fwp%2Fv2%2Fproduct_tag&post=2103"}],"curies":[{"name":"wp","href":"https:\/\/api.w.org\/{rel}","templated":true}]}}