{"id":2127,"date":"2026-03-30T19:15:21","date_gmt":"2026-03-30T17:15:21","guid":{"rendered":"https:\/\/bs-design.store\/?product=ensemble-2-plateaux"},"modified":"2026-03-30T20:44:26","modified_gmt":"2026-03-30T18:44:26","slug":"ensemble-2-plateaux","status":"publish","type":"product","link":"https:\/\/bs-design.store\/?product=ensemble-2-plateaux","title":{"rendered":"Ensemble 2 plateaux"},"content":{"rendered":"<p>Le Pack Romance Dor\u00e9e est une v\u00e9ritable invitation \u00e0 la douceur et \u00e0 l\u2019\u00e9l\u00e9gance.<\/p>\n<p>Ses tons blancs lumineux, sublim\u00e9s par des \u00e9clats dor\u00e9s et des touches ros\u00e9es, cr\u00e9ent une ambiance chaleureuse, raffin\u00e9e et pleine de charme.<\/p>\n<p>Pens\u00e9 comme un coffret d\u00e9coratif unique, ce pack allie d\u00e9licatesse et modernit\u00e9 pour sublimer n\u2019importe quel espace. Les d\u00e9tails scintillants et les \u00e9l\u00e9ments soigneusement assembl\u00e9s apportent une atmosph\u00e8re apaisante et romantique, parfaite pour offrir ou se faire plaisir.<\/p>\n<p>Id\u00e9al pour une d\u00e9coration chic, un cadeau attentionn\u00e9 ou une ambiance cocooning pleine de finesse.<\/p>\n<p>\ud83d\udce6<\/p>\n<p>Composition :<\/p>\n<p>2 plateaux d\u00e9coratifs blancs effet \u00e9l\u00e9gant<\/p>\n<p>1 br\u00fbleur d\u2019encens avec couvercle dor\u00e9 personnalis\u00e9<\/p>\n<p>1 vase d\u00e9coratif avec fleurs s\u00e9ch\u00e9es<\/p>\n<p>1 bougie avec support textur\u00e9<\/p>\n<p>1 buste d\u00e9coratif avec pot pourris<\/p>\n<p>1 statue abstraite design<\/p>\n<p>1 cuill\u00e8re dor\u00e9e d\u00e9corative<\/p>\n<p>1 pot pour encens a design fleurs<\/p>\n","protected":false},"excerpt":{"rendered":"<p>Le Pack Romance Dor\u00e9e est une v\u00e9ritable invitation \u00e0 la douceur et \u00e0 l\u2019\u00e9l\u00e9gance. Ses tons blancs lumineux, sublim\u00e9s par des \u00e9clats dor\u00e9s et des touches ros\u00e9es, cr\u00e9ent une ambiance chaleureuse, raffin\u00e9e et pleine de charme. Pens\u00e9 comme un coffret d\u00e9coratif unique, ce pack allie d\u00e9licatesse et modernit\u00e9 pour sublimer n\u2019importe quel espace. Les d\u00e9tails [&hellip;]<\/p>\n","protected":false},"featured_media":2126,"comment_status":"open","ping_status":"closed","template":"","meta":{"_kadence_starter_templates_imported_post":false},"product_brand":[],"product_cat":[26],"product_tag":[],"class_list":{"0":"post-2127","1":"product","2":"type-product","3":"status-publish","4":"has-post-thumbnail","6":"product_cat-plateausenteur","8":"first","9":"instock","10":"sale","11":"taxable","12":"shipping-taxable","13":"purchasable","14":"product-type-simple"},"jetpack_sharing_enabled":true,"_links":{"self":[{"href":"https:\/\/bs-design.store\/index.php?rest_route=\/wp\/v2\/product\/2127","targetHints":{"allow":["GET"]}}],"collection":[{"href":"https:\/\/bs-design.store\/index.php?rest_route=\/wp\/v2\/product"}],"about":[{"href":"https:\/\/bs-design.store\/index.php?rest_route=\/wp\/v2\/types\/product"}],"replies":[{"embeddable":true,"href":"https:\/\/bs-design.store\/index.php?rest_route=%2Fwp%2Fv2%2Fcomments&post=2127"}],"wp:featuredmedia":[{"embeddable":true,"href":"https:\/\/bs-design.store\/index.php?rest_route=\/wp\/v2\/media\/2126"}],"wp:attachment":[{"href":"https:\/\/bs-design.store\/index.php?rest_route=%2Fwp%2Fv2%2Fmedia&parent=2127"}],"wp:term":[{"taxonomy":"product_brand","embeddable":true,"href":"https:\/\/bs-design.store\/index.php?rest_route=%2Fwp%2Fv2%2Fproduct_brand&post=2127"},{"taxonomy":"product_cat","embeddable":true,"href":"https:\/\/bs-design.store\/index.php?rest_route=%2Fwp%2Fv2%2Fproduct_cat&post=2127"},{"taxonomy":"product_tag","embeddable":true,"href":"https:\/\/bs-design.store\/index.php?rest_route=%2Fwp%2Fv2%2Fproduct_tag&post=2127"}],"curies":[{"name":"wp","href":"https:\/\/api.w.org\/{rel}","templated":true}]}}