{"id":2193,"date":"2026-03-31T02:55:20","date_gmt":"2026-03-31T00:55:20","guid":{"rendered":"https:\/\/bs-design.store\/?product=plateau-elegance-nude-or"},"modified":"2026-04-08T04:10:52","modified_gmt":"2026-04-08T02:10:52","slug":"plateau-elegance-nude-or","status":"publish","type":"product","link":"https:\/\/bs-design.store\/?product=plateau-elegance-nude-or","title":{"rendered":"Plateau \u00c9l\u00e9gance Nude &amp;Or"},"content":{"rendered":"<p>Apportez une touche de douceur et de luxe \u00e0 votre int\u00e9rieur avec ce magnifique coffret d\u00e9coratif nude et dor\u00e9. Son design moderne, associ\u00e9 \u00e0 des finitions dor\u00e9es \u00e9clatantes, cr\u00e9e une ambiance chic, chaleureuse et raffin\u00e9e.<\/p>\n<p>Ce coffret complet comprend :<\/p>\n<p>Un encensoir \u00e9l\u00e9gant pour parfumer d\u00e9licatement votre espace<\/p>\n<p>Un Vase d\u00e9coratif avec vase et fleurs s\u00e9ch\u00e9es pour une touche naturelle<\/p>\n<p>Une bougie pour une atmosph\u00e8re cosy et apaisante<\/p>\n<p>Une bo\u00eete avec couvercle pour ranger vos petits accessoires<\/p>\n<p>Une coupelle avec cuill\u00e8re dor\u00e9e pour vos rituels<\/p>\n<p>Un plateau assorti pour une pr\u00e9sentation harmonieuse<\/p>\n<p>Un mini C\u0153ur personnalis\u00e9<\/p>\n<p>\ud83d\udc9b Chaque d\u00e9tail est pens\u00e9 pour sublimer votre d\u00e9coration et cr\u00e9er un effet \u201cwaouh\u201d d\u00e8s le premier regard.<\/p>\n<p>\ud83c\udf81 Id\u00e9al pour :<\/p>\n<p>Cadeau personnalis\u00e9<\/p>\n<p>D\u00e9coration de salon ou chambre<\/p>\n<p>Occasion sp\u00e9ciale (anniversaire, cr\u00e9maill\u00e8re, mariage)<\/p>\n","protected":false},"excerpt":{"rendered":"<p>Apportez une touche de douceur et de luxe \u00e0 votre int\u00e9rieur avec ce magnifique coffret d\u00e9coratif nude et dor\u00e9. Son design moderne, associ\u00e9 \u00e0 des finitions dor\u00e9es \u00e9clatantes, cr\u00e9e une ambiance chic, chaleureuse et raffin\u00e9e. Ce coffret complet comprend : Un encensoir \u00e9l\u00e9gant pour parfumer d\u00e9licatement votre espace Un Vase d\u00e9coratif avec vase et fleurs [&hellip;]<\/p>\n","protected":false},"featured_media":2191,"comment_status":"open","ping_status":"closed","template":"","meta":{"_kadence_starter_templates_imported_post":false},"product_brand":[],"product_cat":[26],"product_tag":[],"class_list":{"0":"post-2193","1":"product","2":"type-product","3":"status-publish","4":"has-post-thumbnail","6":"product_cat-plateausenteur","8":"first","9":"outofstock","10":"sale","11":"taxable","12":"shipping-taxable","13":"purchasable","14":"product-type-simple"},"jetpack_sharing_enabled":true,"_links":{"self":[{"href":"https:\/\/bs-design.store\/index.php?rest_route=\/wp\/v2\/product\/2193","targetHints":{"allow":["GET"]}}],"collection":[{"href":"https:\/\/bs-design.store\/index.php?rest_route=\/wp\/v2\/product"}],"about":[{"href":"https:\/\/bs-design.store\/index.php?rest_route=\/wp\/v2\/types\/product"}],"replies":[{"embeddable":true,"href":"https:\/\/bs-design.store\/index.php?rest_route=%2Fwp%2Fv2%2Fcomments&post=2193"}],"wp:featuredmedia":[{"embeddable":true,"href":"https:\/\/bs-design.store\/index.php?rest_route=\/wp\/v2\/media\/2191"}],"wp:attachment":[{"href":"https:\/\/bs-design.store\/index.php?rest_route=%2Fwp%2Fv2%2Fmedia&parent=2193"}],"wp:term":[{"taxonomy":"product_brand","embeddable":true,"href":"https:\/\/bs-design.store\/index.php?rest_route=%2Fwp%2Fv2%2Fproduct_brand&post=2193"},{"taxonomy":"product_cat","embeddable":true,"href":"https:\/\/bs-design.store\/index.php?rest_route=%2Fwp%2Fv2%2Fproduct_cat&post=2193"},{"taxonomy":"product_tag","embeddable":true,"href":"https:\/\/bs-design.store\/index.php?rest_route=%2Fwp%2Fv2%2Fproduct_tag&post=2193"}],"curies":[{"name":"wp","href":"https:\/\/api.w.org\/{rel}","templated":true}]}}